ative of i**4/4 - 7*i**3/3 - i**2/2 - 4*i + 34. What is d(7)?
-11
Let k(w) be the third derivative of w**4/8 + 5*w**3/6 - 9*w**2. What is k(-5)?
-10
Suppose -2*k + k = -2. Let v(o) = -7 + 0*o + k*o + 2*o - 3*o. Determine v(5).
-2
Let q(k) = -21*k**2 + k**3 + 22*k**2 - 4 + 3*k + 6. Give q(-2).
-8
Let r(m) = -m**3 + 5*m**2 + 5. Let l be r(5). Let t be (-12)/8 + l/2. Let j be t - ((-1 - -3) + -1). Let q(s) = -s + 1. What is q(j)?
1
Let z(k) = k**2 + 1. Let f be (-228)/(-18) + (-2)/(-6). Suppose 8*b = f*b + 10. What is z(b)?
5
Let h = 5 - 3. Let p(a) = 8*a - 2. Let m(k) = 4*k - 1. Suppose 0 = -5*n - 5*g, -1 + 6 = -5*n - 4*g. Let l(y) = n*m(y) + 2*p(y). Give l(h).
-7
Let d(v) = -v**3 - 3*v**2 + 2*v + 1. Let q = -73 - -70. Calculate d(q).
-5
Let n(x) = 4 - 2*x - 5 - 6 + 2. Give n(5).
-15
Let k(t) = t**3 + 3*t**2. Suppose -2 = -3*c + 10. Suppose c*z - 8 = -5*v, 4*v - 14 + 1 = -z. Calculate k(z).
0
Let s(n) = n**3 - 8*n**2 + 7*n - 1. Let a(c) = -9*c - 2. Let u be (-3)/(-4) - 70/40. Let l be a(u). Determine s(l).
-1
Let m be (-10)/(-4) - (-1)/(-2). Let o = m - 0. Suppose 3*f + 5 = 3*a + 14, 3 = -a - o*f. Let u(v) = -v. What is u(a)?
3
Let z(y) be the first derivative of -7*y**5/60 + y**4/12 - y**3/6 - 5*y**2/2 + 3. Let h(q) be the second derivative of z(q). What is h(1)?
-6
Suppose 0 = -5*w + 4*g - 3 - 12, -2*w - 34 = 4*g. Let m(s) = -s**2 - 7*s - 5. Calculate m(w).
-5
Let y(q) be the first derivative of -2*q**3 + q**2/2 - 8*q - 7. Let x(d) = 5*d**2 - 2*d + 7. Let s(w) = 5*x(w) + 4*y(w). Give s(6).
3
Let q be 1/(-3)*(1 - 4). Let x be (1 - q)/(2 + -1). Let w = 1 - x. Let l(v) = v**2 + 2*v - 1. Calculate l(w).
2
Let y(k) be the third derivative of k**6/120 - k**5/30 + k**4/12 - k**3/6 - k**2. Let i = 127 + -126. What is y(i)?
0
Let i(a) be the first derivative of -4 - 1/2*a**2 + 5*a. Give i(0).
5
Let k(p) = -3 - p - 1 + 2 - 2. What is k(-3)?
-1
Let m(f) = -f + 1. Suppose 4*z - 7*z - 15 = x, -3*x + 4*z + 20 = 0. Determine m(x).
1
Let c(o) = 2*o**2 - 3*o - 2. Let n(a) = -1. Let v(q) = -c(q) + 4*n(q). Calculate v(3).
-11
Let v = -21 + 15. Let x(y) = -y**2 - 7*y - 5. Calculate x(v).
1
Let y = 1 - 2. Let g(i) be the second derivative of -i**5/4 + i**4/12 - 2*i**2 + 3*i. Let a(h) = 6*h**3 - h**2 + 5. Let r(o) = 3*a(o) + 4*g(o). Give r(y).
2
Suppose -4*j + 9*j - 30 = 5*u, -4*u - 8 = 0. Let t be j/3*3/(-2). Let o(i) = -i**3 + i**2 + i - 2. What is o(t)?
8
Let v(u) be the third derivative of -3*u**2 - 1/12*u**4 + 0*u + 0 - 1/6*u**3. What is v(3)?
-7
Let v(j) = j - 6. Let q be v(8). Let m(l) = -l**3 + 3*l**2 - l - 1. Let o be m(q). Let n(t) = o + t**2 - 7*t - 3 + 0*t**2. Give n(5).
-12
Let y be 5/1*30/(-50). Let p(h) = 3*h - 2. Calculate p(y).
-11
Let n = -23 - -13. Let h = n - -22. Suppose 6*m = 2*m - h. Let g(j) = j + 6. What is g(m)?
3
Let z(k) = 2*k - 3. Suppose 0 = -7*o - 22 - 6. Calculate z(o).
-11
Suppose -2*u + 13 - 3 = 0. Suppose u*d + f = -1, 4*f - 22 + 5 = d. Let g(l) = -4*l**3 + l**2 - 3*l**3 + 4*l**3. Calculate g(d).
4
Let a(q) = 49*q - 3. Let p(i) = -33*i + 2. Let t(u) = 5*a(u) + 7*p(u). Let f(l) = l**2 - l - 1. Let b be f(2). Calculate t(b).
13
Let k(a) be the second derivative of a**3/6 + 7*a**2/2 + a. Suppose 3*q + 23 = 8. Give k(q).
2
Let m(r) be the second derivative of r**6/60 - r**5/20 + r**2/2 - r. Let q(f) be the first derivative of m(f). Determine q(2).
4
Suppose -5 - 27 = -4*q. Let i = 5 + 7. Let j = q - i. Let u(g) = -g**3 - 4*g**2 - g - 5. Give u(j).
-1
Let d(r) = r**3 + 3*r**2 + 4. Let p = -5 + 2. What is d(p)?
4
Let j(r) be the second derivative of 5*r**3/6 + 5*r**2/2 + 14*r. What is j(-5)?
-20
Suppose 0 = -q - 3*q + 32. Let i be (-4 + 30/q)*4. Let j(b) = 5*b**3 - b**2 - b. Give j(i).
-5
Let x(u) = 2*u - 9. Let w(g) be the first derivative of -3*g**2/2 + 10*g + 8. Let v(t) = -4*w(t) - 5*x(t). Determine v(-6).
-7
Let j(a) = -2*a + 0*a + a. Let h be j(3). Let p = -1 + h. Let q(y) = y**3 + 3*y**2 - 4*y + 5. Calculate q(p).
5
Let p(q) = 2*q**2 - q - 2. Let n be p(2). Suppose 0 = -x + n*x - 12. Let k(y) = -3*y + 2. Determine k(x).
-10
Let v(x) = -x**3 + x**2 - 45*x + 22*x + 26*x + 5*x**2 - 8. Let y = 1 + 5. Give v(y).
10
Suppose 25 = -2*t + 13. Let g(y) = 3*y - 3. Determine g(t).
-21
Let w be 4/(-3)*24/16. Let i(z) = 2*z**3 + 4*z**2 + 2*z. Calculate i(w).
-4
Let g be ((-18)/27)/(4/6). Let l(o) = 7*o - 1. What is l(g)?
-8
Let r(y) = 2*y**2 - y - 5. Let q be r(-2). Let a(g) = -g. What is a(q)?
-5
Let d(c) = c**2 + 4*c - 7. Let b be d(-6). Suppose b*g = 2*f + 2*g + 2, -5*f + 2*g = -6. Let u(m) = 0 + m**2 - 2 - m**3 - 2*m + 3*m**2. Determine u(f).
2
Suppose -a - 20 = -5*a. Suppose a*o - 4*o = 2. Let b(g) = g**2 - 4*g**3 + g**2 + 4*g**3 - 2*g**3 + o*g. Determine b(2).
-4
Suppose 9*t + 25 = 4*t. Let h(k) = 8*k**3 - 29*k**2 - 23*k + 29. Let b(u) = 3*u**3 - 10*u**2 - 8*u + 10. Let p(n) = 11*b(n) - 4*h(n). Calculate p(t).
-1
Let j(i) = i - 1. Let z(f) = f**3 + f + 1. Let q(a) = -4*a**3 - 5*a**2 - a - 10. Let l(u) = q(u) + 5*z(u). Let w be l(4). What is j(w)?
-6
Let t(b) = -4*b - 1. Let k = 6 + -9. Let o = -1 - k. Let i be ((-5)/o - -2)*2. Determine t(i).
3
Let b(g) = -g**2 - 3*g + 5. Suppose -33*r = -29*r + 20. What is b(r)?
-5
Let h = 3/14 + 2/7. Let q(t) be the first derivative of -1 + h*t**2 + t - 1/3*t**3. Calculate q(0).
1
Let w(i) = -2*i - 4. Suppose 0*j = 3*j. Suppose j = 3*t - 5 + 14. What is w(t)?
2
Let p(q) = q + 6. Suppose 2*a = 5*a. Suppose -4 = m - a. Let k be m/(-10) + 2/(-5). What is p(k)?
6
Suppose 3 = -o + 7. Suppose 1 = 4*i + z - 13, 0 = 4*i - o*z - 4. Let q(b) = 2 + i - 1 + b. Determine q(0).
4
Let y(w) be the second derivative of -w**5/20 + w**4/4 + w**3/6 - w**2/2 + 3*w. What is y(3)?
2
Let m(i) be the first derivative of -i**2 - 5*i - 34. Let u = -2 - 4. What is m(u)?
7
Let w = -11 - -18. Suppose 4*u - w*u = 15. Let v(h) = h**2 - h. Let n(d) = -4*d**2 + 10*d. Let q(s) = n(s) + 5*v(s). What is q(u)?
0
Let i(t) be the third derivative of -t**8/6720 + t**7/630 - t**6/360 - t**5/30 - t**4/24 - 3*t**2. Let h(m) be the second derivative of i(m). Determine h(3).
-1
Let o(l) = l**2 + 5*l + 6. Let q(p) = -p**2 + 2*p - 1. Let a be q(3). Calculate o(a).
2
Suppose -2 = -4*l + 22. Let v(t) = -7 - 3*t**2 + 2*t**2 + 2*t**2 - 5*t. Calculate v(l).
-1
Let x(m) be the second derivative of m**4/12 - m**3/6 + 6*m**2 + m. Suppose 2*s + n - 29 = 6*n, 15 = 5*s - n. Let k be 0*3/6*s. What is x(k)?
12
Suppose y = 3*g + 16, 4*y - g = -0*y + 20. Let p = 0 + y. Let l(f) = p*f**2 + 9 - 3 - 5*f**2 + 5*f. Give l(5).
6
Let g(y) = -3. Let x(p) = -p. Let u(d) = g(d) - 3*x(d). Calculate u(3).
6
Let r(c) be the third derivative of -c**4/8 + 2*c**3/3 - c**2. Let t(k) = -k**3 + 8*k**2 + 18*k + 24. Let y be t(10). Give r(y).
-8
Let x(c) = 2*c**2 + c - 4. Let f(d) = d**2 + 12*d - 31. Let z be f(-14). Determine x(z).
11
Let f(b) = b**2 + 6. Let c be 60/(-9) + (-1)/3. Let k(i) = i**3 - 4*i**2 - 4*i + 3. Let v be k(5). Let x be v/(-28) - 2/c. Determine f(x).
6
Let f(w) = -2*w**2 - 7*w - 3. Let c(u) = -3*u**2 - 13*u - 5. Let m(i) = -3*c(i) + 5*f(i). Calculate m(4).
0
Let a be (-2)/(-3)*9/2. Suppose -2*u - a*u = -10. Let q(v) be the second derivative of -v**4/6 + 2*v**3/3 - v**2 + v. What is q(u)?
-2
Let z(a) be the first derivative of -3*a - 1/2*a**2 + 10. Determine z(4).
-7
Let a(n) = -2*n - 10. Let v = -73 - -66. Determine a(v).
4
Let t(a) = -a**2 - 7*a - 6. Suppose -v + 3 = 7. Calculate t(v).
6
Suppose -n - 3*x = 1, 3*x + 1 = -3*n - 2. Let d be (2 + n)*(2 - 2). Let a(b) = b**2 + b + 5. What is a(d)?
5
Let n(i) = -i**3 - 5*i**2 - 5*i. Let z be 3/(-6) + (-14)/4. Calculate n(z).
4
Let c(q) = q - 18. Let u = -14 - -14. What is c(u)?
-18
Let d(c) = 2*c - 4. Let u(n) = 4*n - 4. Let b(r) = 3*d(r) - 2*u(r). Give b(3).
-10
Let u(m) = -2*m**2 + 4*m - 1. Let h(d) = d**2 + 2*d - 8. Let v be h(-6). Suppose -4*g = 4 - v. Give u(g).
-7
Let o(y) = -7*y + 1. Let p = -8 + 22. Let q be (2/4)/(7/p). Calculate o(q).
-6
Let q = -111 + 117. Let n(f) = -3*f**2 + 8*f + 7. Let o(u) = -10*u**2 + 25*u + 22. Let z(x) = -7*n(x) + 2*o(x). Calculate z(q).
-5
Let h be (0 - -1) + 2/2. Let x(p) = -3*p + p**h - 3*p - 3*p + 3 + 5*p. Calculate x(5).
8
Let k(n) = 2*n**2 + 6*n + 3. Let s(x) be the third derivative of -x**5/60 - 3*x**2. Let b(a) = -k(a) - 3*s(a). Give b(4).
-11
Let p(v) = -21*v**3 + 4*v*